(m). What is o(r)?
-4
Let n(s) = -s**3 - 5*s**2 - 5*s - 4. Let a = -1 + -3. What is n(a)?
0
Let f(z) = -z**2 - z + 7. Suppose -3*g = -2*g + 4. Let r = -4 - g. Give f(r).
7
Let y be 9 + -4 + (-4)/2. Suppose 7 + 5 = y*j. Let p(i) = 3. Let w(q) = q + 1. Let s(n) = j*w(n) - p(n). Determine s(-1).
-3
Let o be 32/(-12) - 1/3. Let h(s) = -s**3 - 3*s**2 + 2*s - 2. Determine h(o).
-8
Let h(m) = 2*m - 1. Let b(v) = -v**2 - 5*v. Let y(t) = -2*t**2 - 10*t - 1. Let s(a) = -7*b(a) + 4*y(a). Let c be s(-5). Calculate h(c).
-9
Let b(f) = -f - 7 - 4 - f**2 + 3. Let p(v) = 2*v**2 + v + 15. Suppose 2*c - c = 11. Let j(g) = c*b(g) + 6*p(g). Calculate j(5).
2
Let k(j) be the third derivative of 0 - 2*j**2 - 1/120*j**6 + 0*j**4 + 0*j + 1/60*j**5 - 2/3*j**3. Determine k(0).
-4
Let b(g) = -7*g**3 - g**2 + 1. Let o(i) be the second derivative of i**3/6 + 7*i**2/2 - 4*i. Let s be o(-6). Determine b(s).
-7
Let v(h) = -h**2 - h. Let f(l) = 2*l**3 + 3*l**2 + 4*l - 1. Let t(c) = f(c) + 5*v(c). Let i = -1 - -5. Suppose i = -3*n + 5*n. Calculate t(n).
5
Let a(l) = l**2 + l. Let t be a(1). Suppose y = -3*z + 4, 0*z = -t*z + 5*y - 20. Let c(d) = -2*d + 1. Let i(g) = g + 1. Let v(r) = c(r) + 3*i(r). Give v(z).
4
Let m = -2 + 3. Let y(a) = 3*a + m - a - 1. Determine y(-3).
-6
Let z(c) = c**3 + 5*c**2 + 4*c. Let x be (-2)/(8/(-36)*-3). Determine z(x).
6
Let z be (-2)/(-5) + (-270)/(-75). Let c(d) = -d**3 + 4*d**2 + d. Give c(z).
4
Let a(b) = b - 12. Let r be a(12). Let g(n) = 2*n + 0 + r + 1 + 3. Let w = -8 - -4. Calculate g(w).
-4
Let v be (5/7 - 1) + (-112)/(-49). Let g(y) = -7*y**2 - 7*y - 7. Let f(p) = 8*p**2 + 8*p + 8. Let i(o) = -6*f(o) - 7*g(o). What is i(v)?
7
Let c(u) = 4*u - 9. Let b(a) = -2*a + 5. Let h(n) = -5*b(n) - 3*c(n). What is h(6)?
-10
Let z = 5 + -3. Let i(g) be the second derivative of g**6/120 - g**4/6 + g**3/2 + g**2 - g. Let q(l) be the first derivative of i(l). Determine q(z).
3
Let m(d) = d - 15*d**2 + 17*d**2 + d - 3. Determine m(-3).
9
Let f(i) be the second derivative of 5/6*i**3 - i + 0 - 1/12*i**4 - 1/2*i**2. Determine f(5).
-1
Let p = 0 + 0. Suppose j - 2*j - 5 = p. Let z(r) be the second derivative of -r**3/6 - r**2/2 - 2*r. Determine z(j).
4
Let y(m) = 14*m**3 - 3 - 5 - 15*m**3 + m + 7 + 3*m**2. Let l be (0 + -10)*(-4)/10. Determine y(l).
-13
Let b(r) = r**2 - 3*r - 1. Let d(u) = -u**2 + 5*u + 2. Let f(k) = -7*b(k) - 4*d(k). Let g be 99/(-22)*4/(-3). Suppose -11 = -5*m - g. What is f(m)?
-3
Let n(k) = -k**2 + 5*k - 4. Let b be (-2 - (-40)/(-5))/(-2). Calculate n(b).
-4
Let a(f) = 2*f**2 + 5*f + 4. Let w be (4/(-3))/(2/6). Let p be w/((-48)/(-9))*4. Determine a(p).
7
Let j(x) = -x**3 + 2*x**2 + 6*x + 7. Let l(y) = -4 - 4 - 11*y - 1 + 2*y**3 - 4 - 3*y**2. Let w(m) = -7*j(m) - 4*l(m). What is w(-3)?
6
Let h = 10 - 8. Suppose 7*s = 2*u + h*s + 2, 4*u = 4*s - 4. Let f be 2/((1/(-2))/u). Let b(z) = z**2 - 3*z. Calculate b(f).
4
Let b(s) = 5*s + s - 4 - 2*s - s**2 - s. Give b(3).
-4
Let n(c) = 2 + 7*c + 6 + 0 - 337*c**2 + 336*c**2. Give n(8).
0
Let p(x) = x**3 + 5*x**2 + x - 6. Let v be p(-4). Let q(r) = -2*r**2 + 9*r - 6. Determine q(v).
-24
Let d(j) = 2*j**3 + 3*j**2 + 6 - 11 - 8*j - j**3 + 2*j**2. What is d(-6)?
7
Suppose 1 - 13 = -2*z + 2*c, 0 = -2*z - 2*c + 12. Let x(g) = g - 8. Calculate x(z).
-2
Let d(p) be the third derivative of 1/60*p**5 + 0 - 5/6*p**3 + 0*p - 4*p**2 + 1/6*p**4. What is d(-6)?
7
Let g(r) = -r**3 - 2*r**2 + 1. Suppose -2*o = 2*o - 8. Suppose -o*j = -3*j. Let s = -1 + j. Give g(s).
0
Let h(d) = -d**2 + d + 1. Let b(r) = -4*r**2 + 2*r + 3. Let w(i) = -2*i + 4. Let o be w(3). Let y(v) = o*h(v) + b(v). Determine y(-2).
-7
Let k(h) = 7*h**3 - 13*h**2 - 2*h + 6. Let j(b) = -13*b**3 + 25*b**2 + 3*b - 12. Let c(d) = -6*j(d) - 11*k(d). Let l be -1*27/(-4) - (-6)/(-8). Give c(l).
-6
Let f(l) = -l - 8. Suppose 4*b - w + 52 = 0, 5*b - w - 23 = -89. Let k = b - -8. What is f(k)?
-2
Let u = -114 + 118. Let k(i) be the second derivative of -i + 0 + 5/6*i**3 + 1/2*i**2 - 1/12*i**4. Calculate k(u).
5
Let h(w) = w**2 - 2*w. Let o = -76 + 121. Suppose -5*f = -2*f - o. Suppose -2*r - f = -7*r. Determine h(r).
3
Let d(p) = -2*p - 3. Suppose 5*x = -2*n + 10, -9 - 18 = 3*n - 3*x. What is d(n)?
7
Let v = 5 + -4. Let i(h) = -h**2 + 1 + 5*h + 0*h - 6*h + 6*h**2. Determine i(v).
5
Let x = 13 + -18. Let q(v) = v**3 + 4*v**2 - 3*v + 1. Let w(p) = -2*p**3 - 8*p**2 + 6*p - 3. Let z(g) = 5*q(g) + 2*w(g). Determine z(x).
-11
Suppose 3*x = 21 - 9. Let c(u) be the second derivative of u**5/20 - u**4/2 + 5*u**3/6 - u**2 - 8*u. What is c(x)?
-14
Let v(o) = o + 1. Let j = -9 + 14. Suppose 4*i + 16 = -k, -j - 7 = 4*k + 3*i. Suppose k = s - 3*s - 6. What is v(s)?
-2
Let f(n) be the second derivative of 8*n + 0 + 1/6*n**3 - n**2. Determine f(-4).
-6
Let m be (-138)/30 - 4/10. Let o(n) be the first derivative of n**3/3 + 3*n**2 + 6*n + 1. What is o(m)?
1
Let n(g) = -7*g**3 + 2*g**2 + 2*g - 5. Let j(x) = 13*x**3 - 3*x**2 - 3*x + 9. Let d be 24/(-18)*18/4. Let b(r) = d*j(r) - 11*n(r). Give b(-3).
4
Suppose 0 = -0*x - 2*x + 10. Suppose -5*r + 2*t + 23 = -2, 3*t + 25 = x*r. Let z(d) = -3 + r - 1 - d + 3. Calculate z(6).
-2
Let c(n) be the second derivative of n**5/20 + n**4/2 - 11*n**3/6 - 4*n**2 + 32*n. Calculate c(-7).
20
Suppose 2*o + 5*l + 19 = o, 3*o + 4*l + 2 = 0. Let p(n) = 0*n**3 + n**3 + o*n + 5 - 6*n. Give p(0).
5
Let t(x) = -x**2 + 6*x + 5. Suppose 1 + 7 = n. Give t(n).
-11
Let d = -105 + 109. Let m(g) = 7*g - 1. Calculate m(d).
27
Let o(c) = 4*c - 4. Let l(i) = -i**2 + 9*i + 13. Suppose 8*t - 40 = 4*t. Let d be l(t). Determine o(d).
8
Let t(y) be the third derivative of -y**5/60 - 5*y**4/24 + y**3/3 + 4*y**2. Suppose -l = -3*l - 8. Determine t(l).
6
Let h(j) = -j**2 - j + 1. Let g = 7 + -8. Let r(u) = u**2 + 1. Let t(p) = g*r(p) - 2*h(p). Calculate t(2).
5
Let m(b) = b**2 + 4*b - 1. Let p = -21 + 23. Let q be (-2 - 3/6)*p. Calculate m(q).
4
Suppose -3*s + 14 = 2. Let j(u) = 132 - 64 - 67 + u. Determine j(s).
5
Let z be 8/(2 + 2) - (0 - 0). Let p(b) = -4*b. Calculate p(z).
-8
Let i(q) = -8*q**2 + 2*q**2 + 2*q**2 - 1. Let j = 5 - 3. Let s be 0 + ((-2)/j - 0). Determine i(s).
-5
Let i = -3 - -5. Suppose -10 = -2*r, -4*r + 30 = 3*v + i*v. Let o(b) = b + 9 - b**2 + b - 7. Calculate o(v).
2
Let r be (12/14)/((-2)/(-14)). Suppose 0 = v + 2*v - 12. Let k = v - r. Let n(q) = -3*q - 3. Determine n(k).
3
Let v(l) be the first derivative of -1/3*l**3 - 7*l + 1 - 3*l**2. What is v(-5)?
-2
Let k(l) be the third derivative of -l**5/60 + l**3/2 - 11*l**2. Let r be ((-6)/8)/(2/(-8)). Give k(r).
-6
Let q be (6/15)/((-1)/10). Let t(f) = 3*f**2 - 5*f - 15. Let u(a) = 4*a**2 + 2*a - 3*a**2 - 3*a**2 + 0*a + 8. Let y(l) = 3*t(l) + 5*u(l). Calculate y(q).
-1
Let a(w) = 1. Let f(z) = -z**3 + 2*z**2 - 5*z + 5. Let i(t) = -2*a(t) + f(t). Calculate i(3).
-21
Let c(q) = -7*q**3 - q - 2 - 7*q**2 + q**3 + 3. Let m(r) = -6*r**3 - 6*r**2 - r + 1. Let p be 1/1*36/(-6). Let a(n) = p*c(n) + 7*m(n). Determine a(1).
-6
Let i(s) = -s**2 - 2*s + 2. Let w = -35 - -31. Give i(w).
-6
Let a(c) be the first derivative of -2*c**3/3 - 3*c**2/2 + 2*c + 56. Let q = -6 + 3. Determine a(q).
-7
Suppose -4*w + w = -12. Suppose -2*f + 16 = -2*q + 5*q, -q - w*f + 22 = 0. Let u be (-133)/49 + q/(-7). Let y(p) = p**3 + 3*p**2 + 2*p + 4. Give y(u).
-2
Let r be -1*2*1/(-2). Let x be -3 + 6/(-2) + r. Let y = 3 + x. Let p(u) = -7*u - 3. Give p(y).
11
Let m(y) be the third derivative of -4*y**2 - 1/4*y**4 - y**3 + 0 + 1/60*y**5 + 0*y. Let l be (-2)/(-8) - (-38)/8. Calculate m(l).
-11
Let g(l) = l**2 + 5*l. Let d be 0 + (-2 - -1*27). Suppose -d = f + 4*f + 5*z, 10 = -2*f + 4*z. Calculate g(f).
0
Let y(w) = -5*w**3 + 1. Let m(a) = -a**2 + 3*a + 5. Suppose -s = -4*c - 8, 2*c + 9 = 2*s + c. Let r be m(s). Give y(r).
-4
Let z(f) be the second derivative of -9*f**5/20 + f**4/6 - f**3/6 + 2*f. Let d be (-6)/(-8) - 2/(-8). Give z(d).
-8
Suppose -3*b + 0*b = -9. Let n(d) = -3 - 2*d - b*d + 2. Give n(-1).
4
Let c(o) be the first derivative of -2 + 0*o + 1/3*o**3 + 2*o**2. What is c(-5)?
5
Let c be (-5)/(-3 + 1 - -1). Let b(m) = -14*m**2 - 32*m + 14. Let g(h) = -5*h**2 - 11*h + 5. Let k(a) = -6*b(a) + 17*g(a). Determine k(c).
1
Let c(i) = 5*i**2 - 1. Let p(q) = -3*q - 55. Let n be p(-18). Determine c(n).
4
Let r(t) = -t**3 + 6*